 what is 77485 + -2a?
77457
In base 5, what is 2032 + 2032?
4114
In base 12, what is -64 - -206a?
2006
In base 14, what is -83 + d0?
4b
In base 16, what is -99 - 1c6?
-25f
In base 9, what is 5 + -2670645?
-2670640
In base 10, what is -1 + 88625?
88624
In base 10, what is 46481 - 4?
46477
In base 9, what is 244 + 1321?
1565
In base 6, what is -30302 - -42?
-30220
In base 9, what is 206 + -146?
50
In base 5, what is -3041 - -1103?
-1433
In base 6, what is 2150 + -132?
2014
In base 4, what is -11123 - 20302?
-32031
In base 7, what is -6443 - 52?
-6525
In base 14, what is b - 42c76?
-42c69
In base 4, what is -301 + -22?
-323
In base 8, what is 5537 - 17?
5520
In base 5, what is -34 - 2141042?
-2141131
In base 9, what is -6251 + -20?
-6271
In base 11, what is 0 + 10344?
10344
In base 7, what is 123641 + -34?
123604
In base 5, what is -11 + 1141401?
1141340
In base 15, what is 3a3 - 3d5?
-32
In base 2, what is 111100101100011 - -111?
111100101101010
In base 7, what is -2 + 21060?
21055
In base 6, what is -5 + -22154102?
-22154111
In base 7, what is -14130 - -140?
-13660
In base 6, what is 5500121 + 3?
5500124
In base 8, what is -7 - -43024?
43015
In base 7, what is -254 + 36214?
35630
In base 8, what is -6031 + 123?
-5706
In base 5, what is -40 + 3201324?
3201234
In base 13, what is 11c08 - -3?
11c0b
In base 11, what is 120333 + -3?
120330
In base 5, what is -2400402 + -3?
-2400410
In base 15, what is 1c - 295?
-278
In base 4, what is -321222002 + 10?
-321221332
In base 14, what is -1 + -c20?
-c21
In base 11, what is 5 + 231254?
231259
In base 2, what is 1110110010100 + 10000000?
1111000010100
In base 5, what is -4 - 102213131?
-102213140
In base 11, what is 467 + -a62?
-5a6
In base 14, what is -5 + 25c1?
25ba
In base 11, what is -19a15a - -9?
-19a151
In base 16, what is 6 - -1069e?
106a4
In base 4, what is -10313 + 32?
-10221
In base 16, what is 4a19 + 1?
4a1a
In base 14, what is -1073d - -16?
-10727
In base 3, what is 1100220 + -1122?
1022021
In base 6, what is -10553420 - 1?
-10553421
In base 8, what is 2 + 23346?
23350
In base 11, what is a - 5347?
-5338
In base 9, what is 1 + -584?
-583
In base 14, what is -16b - -13b?
-30
In base 11, what is -a36 - -4?
-a32
In base 13, what is -216 - 46a?
-683
In base 7, what is -352262 + -1?
-352263
In base 7, what is 166 - -152636?
153135
In base 5, what is -1 + 32342210?
32342204
In base 15, what is 23 - 57c?
-559
In base 13, what is -c3c5 + 0?
-c3c5
In base 2, what is -1100101111101101 + -1?
-1100101111101110
In base 4, what is 23312 - 11123?
12123
In base 4, what is -220 - -11301?
11021
In base 12, what is 47 - -225?
270
In base 16, what is 143 - 19dc?
-1899
In base 11, what is 44 - 13022?
-12a89
In base 16, what is -2 + 875c4?
875c2
In base 11, what is 26 + -33a2?
-3377
In base 9, what is -5 - 277738?
-277744
In base 11, what is -24 - -6278?
6254
In base 13, what is 83 + -67c?
-5c9
In base 4, what is -3013103 + 21?
-3013022
In base 2, what is -10000111 - -1?
-10000110
In base 5, what is 423341 - 13?
423323
In base 6, what is -452011 + -3?
-452014
In base 2, what is 11001101 + 10000100?
101010001
In base 16, what is -3 - -5774f?
5774c
In base 5, what is 232 - 242031?
-241244
In base 11, what is -a2 + 195?
a3
In base 2, what is -10 + -10000001111011011010?
-10000001111011011100
In base 14, what is -5 - -86b8?
86b3
In base 3, what is -10121020021001 + -12?
-10121020021020
In base 5, what is -322 + 124123?
123301
In base 10, what is -2 - 575600?
-575602
In base 4, what is 11 - 1020212003?
-1020211332
In base 4, what is -102 - -2103001?
2102233
In base 13, what is -45 - 211?
-256
In base 5, what is -40132 - -11?
-40121
In base 8, what is 13130 + 1?
13131
In base 7, what is 660 - -31040?
32030
In base 3, what is 20002011002122 - 1?
20002011002121
In base 15, what is -2c + 48?
1b
In base 9, what is 2327 + 174?
2512
In base 14, what is 1338 + 2?
133a
In base 3, what is -121110012222 + -2?
-121110020001
In base 9, what is 1661 - 4?
1656
In base 8, what is -203 - -3604?
3401
In base 12, what is 180139 - 1?
180138
In base 8, what is -1754000 + 2?
-1753776
In base 13, what is 126a941 - -4?
126a945
In base 4, what is -2012300 + -233?
-2013133
In base 12, what is -4 - -2236?
2232
In base 3, what is -10 + -1010221001?
-1010221011
In base 4, what is 1122203 + 213?
1123022
In base 15, what is -3b48b - -2?
-3b489
In base 2, what is -1101101100101 + -1?
-1101101100110
In base 14, what is 5d8b47 + 5?
5d8b4c
In base 8, what is -167146 - 7?
-167155
In base 5, what is 4211 + -100122?
-40411
In base 13, what is -896 - -2?
-894
In base 16, what is 96 + 140?
1d6
In base 8, what is 510744 + -2?
510742
In base 3, what is -200022 - 111022?
-1011121
In base 7, what is 4044 - 12146?
-5102
In base 15, what is -c2 + 6d?
-54
In base 14, what is 630 + 1c?
64c
In base 13, what is -3 + -87b15?
-87b18
In base 11, what is -94a8 + 3?
-94a5
In base 15, what is -294d - 89?
-29d7
In base 7, what is -2412 + -16?
-2431
In base 6, what is 22251505 + 5?
22251514
In base 13, what is -243bc5 + 3?
-243bc2
In base 10, what is 49 + -10240?
-10191
In base 11, what is -200 - 119?
-319
In base 12, what is -b - 19941?
-19950
In base 11, what is 139 - -106?
244
In base 13, what is 5 + 263c?
2644
In base 12, what is -886 + -8a?
-954
In base 13, what is 6 + -271b?
-2715
In base 6, what is -1545121 + -4?
-1545125
In base 7, what is 1442504 - 5?
1442466
In base 7, what is -1653226 + -30?
-1653256
In base 8, what is 2135 - -76?
2233
In base 6, what is -45 + 1111?
1022
In base 12, what is 50 - 319b?
-314b
In base 10, what is 373087 + 5?
373092
In base 13, what is -11ab0 - 2?
-11ab2
In base 3, what is -112 - 112120221?
-112121110
In base 9, what is 2 + 4106?
4108
In base 9, what is -716 + -320?
-1136
In base 5, what is 334102 - 11?
334041
In base 12, what is 1 - -33256?
33257
In base 5, what is 123332324 - -2?
123332331
In base 7, what is -3 - -35426?
35423
In base 2, what is 11 - -100101110000111011011?
100101110000111011110
In base 2, what is -100000011010010110 + -11?
-100000011010011001
In base 3, what is 0 + 1002000021200?
1002000021200
In base 14, what is 1 - 4d72a?
-4d729
In base 11, what is 145280 + 0?
145280
In base 2, what is 1110111110 - -1?
1110111111
In base 7, what is -1504622 + -11?
-1504633
In base 7, what is 34 + 50660?
51024
In base 2, what is 111001100101101 - 1010?
111001100100011
In base 15, what is -d + 77?
69
In base 10, what is 2 + 26733?
26735
In base 12, what is -702 + -24?
-726
In base 8, what is 27737 + -25?
27712
In base 5, what is 101010 + 1230?
102240
In base 15, what is -3c6 - 79?
-450
In base 14, what is -3c708 - -6?
-3c702
In base 3, what is 111210001020 - -1?
111210001021
In base 11, what is 0 + 148279?
148279
In base 6, what is -2 - -111214?
111212
In base 5, what is 3344 + 200?
4044
In base 14, what is 16397 + -5?
16392
In base 11, what is 4 - 31986?
-31982
In base 16, what is f9f3 + 1?
f9f4
In base 12, what is 5 + 8b84?
8b89
In base 4, what is -131010201 - -23?
-131010112
In base 9, what is 50226 - 1?
50225
In base 2, what is -1111101111000 + 111000?
-1111101000000
In base 6, what is -3244 - 344?
-4032
In base 12, what is 5 + 20abb?
20b04
In base 2, what is 1100000000 - 110110110?
101001010
In base 13, what is -15 - 140b0?
-140c5
In base 10, what is 6 + -1792?
-1786
In base 9, what is 102 - 476?
-374
In base 16, what is 0 + -459c?
-459c
In base 15, what is -7ea + 32?
-7b8
In base 10, what is 1 + -35768?
-35767
In base 3, what is 21202201 + -12010?
21120121
In base 7, what is -345 + 135?
-210
In base 13, what is -b56 + 3a?
-b19
In base 5, what is -3 - 230344042?
-230344100
In base 15, what is -1799 - -2cd?
-14bb
In base 9, what is -2180 + -126?
-2316
In base 10, what is -9 + -3335?
-3344
In base 2, what is -10010101011 + 111011?
-10001110000
In base 10, what is 4044781 - 4?
4044777
In base 2, what is 10001100010100010 - -1?
10001100010100011
In base 4, what is -3 + 302032?
302023
In base 2, what is -1001101011000011 - 11?
-1001101011000110
In base 15, what is -9793 - -1?
-9792
In base 2, what is -1010 - 11011100?
-11100110
In base 4, what is 30132211 + 1?
30132212
In base 11, what is -191 - -2801?
2620
In base 6, what is 10235 + 2?
10241
In base 13, what is -1a7 - 6c?
-246
In base 5, what is 11441221 - -4?
11441230
In base 14